 factors of 67706006.
2, 19, 41, 43457
List the prime factors of 5460965447.
7, 780137921
What are the prime factors of 389401400?
2, 5, 251, 7757
What are the prime factors of 190935460?
2, 5, 9546773
List the prime factors of 1142597814.
2, 3, 31, 37, 166027
List the prime factors of 112885631.
19, 37, 103, 1559
List the prime factors of 56821291.
281, 433, 467
List the prime factors of 62460916.
2, 7, 23, 96989
List the prime factors of 73014756.
2, 3, 1733, 3511
List the prime factors of 1562753415.
3, 5, 127, 820343
What are the prime factors of 471611460?
2, 3, 5, 7860191
What are the prime factors of 3507825336?
2, 3, 31, 4714819
What are the prime factors of 1204345154?
2, 602172577
List the prime factors of 2064633770.
2, 5, 733, 281669
List the prime factors of 4827345922.
2, 7, 19, 18147917
List the prime factors of 18474527.
211, 87557
List the prime factors of 25311506.
2, 11, 104593
What are the prime factors of 696282248?
2, 87035281
List the prime factors of 1845551137.
1845551137
What are the prime factors of 803157110?
2, 5, 7, 61, 239, 787
List the prime factors of 5053514.
2, 23, 109859
What are the prime factors of 63959069?
547, 116927
What are the prime factors of 38624762?
2, 11, 167, 10513
List the prime factors of 1657522172.
2, 414380543
What are the prime factors of 120567802?
2, 60283901
List the prime factors of 7083584.
2, 110681
What are the prime factors of 3868964300?
2, 5, 19, 31, 65687
What are the prime factors of 597886643?
1499, 398857
What are the prime factors of 1831098039?
3, 19, 1933, 16619
What are the prime factors of 1162605575?
5, 977, 47599
List the prime factors of 615368330.
2, 5, 487, 126359
List the prime factors of 20510056.
2, 7, 307, 1193
List the prime factors of 288215193.
3, 7, 13724533
What are the prime factors of 8644560?
2, 3, 5, 181, 199
List the prime factors of 60236769.
3, 103, 151, 1291
List the prime factors of 943015607.
461, 2045587
What are the prime factors of 56019082?
2, 7, 397, 10079
List the prime factors of 31448615.
5, 11, 29, 19717
List the prime factors of 2154000331.
7, 307714333
List the prime factors of 133296194.
2, 66648097
List the prime factors of 798146582.
2, 131, 307, 9923
List the prime factors of 3545778602.
2, 1772889301
List the prime factors of 344705082.
2, 3, 57450847
What are the prime factors of 14849353?
107, 1297
List the prime factors of 1370545639.
19, 72133981
List the prime factors of 74251607.
74251607
What are the prime factors of 203548489?
613, 332053
What are the prime factors of 613362983?
113, 317, 17123
List the prime factors of 57451326.
2, 3, 19, 503959
What are the prime factors of 1748764018?
2, 83, 10534723
What are the prime factors of 58665013?
11, 5333183
List the prime factors of 52902271.
79, 669649
What are the prime factors of 24131822?
2, 11, 13, 84377
What are the prime factors of 234026379?
3, 109, 191, 1249
List the prime factors of 787047235.
5, 13, 23, 526453
What are the prime factors of 22432266?
2, 3, 1019, 1223
What are the prime factors of 593089940?
2, 5, 19, 181, 8623
What are the prime factors of 206745054?
2, 3, 79, 436171
List the prime factors of 44059254.
2, 3, 563, 13043
What are the prime factors of 365898632?
2, 11, 953, 4363
List the prime factors of 142284823.
31, 4589833
What are the prime factors of 76478959?
67, 1141477
List the prime factors of 131488687.
11, 11953517
What are the prime factors of 28406756?
2, 7, 569, 1783
What are the prime factors of 2396614136?
2, 7, 42796681
What are the prime factors of 3680438417?
9397, 391661
List the prime factors of 1842458151.
3, 4057, 151381
What are the prime factors of 8612586?
2, 3, 19, 25183
List the prime factors of 2227026615.
3, 5, 11, 47, 287173
List the prime factors of 187417861.
193, 971077
What are the prime factors of 250875919?
7, 17, 149, 14149
List the prime factors of 73882792.
2, 19, 486071
List the prime factors of 409983514.
2, 53, 3867769
What are the prime factors of 50105142?
2, 3, 131, 787
What are the prime factors of 40652787?
3, 7, 1935847
What are the prime factors of 68475316?
2, 7, 13, 19, 9901
What are the prime factors of 1146052855?
5, 23, 2999, 3323
What are the prime factors of 352773848?
2, 7, 821, 7673
What are the prime factors of 4469781619?
1811, 2468129
What are the prime factors of 116338131?
3, 7, 13, 142049
List the prime factors of 1479898721.
7, 211414103
List the prime factors of 51102646.
2, 7, 17, 41, 5237
What are the prime factors of 259272450?
2, 3, 5, 576161
What are the prime factors of 154423727?
154423727
List the prime factors of 2723274854.
2, 179, 7606913
What are the prime factors of 56220789?
3, 47, 398729
What are the prime factors of 1005588724?
2, 7, 73, 101, 4871
List the prime factors of 11925491.
43, 463, 599
List the prime factors of 309914933.
1373, 225721
List the prime factors of 80370253.
37, 167, 13007
List the prime factors of 2416004757.
3, 268444973
List the prime factors of 48418196.
2, 12104549
What are the prime factors of 1192605721?
1192605721
What are the prime factors of 53243583?
3, 17747861
List the prime factors of 254989454.
2, 23, 5543249
List the prime factors of 134195528.
2, 29, 31, 47, 397
What are the prime factors of 2440402409?
127, 277, 69371
List the prime factors of 1121094061.
1121094061
What are the prime factors of 1872159595?
5, 17, 31, 71, 10007
List the prime factors of 61889022.
2, 3, 13, 29387
What are the prime factors of 3614123?
19, 37, 53, 97
What are the prime factors of 172167014?
2, 281, 306347
List the prime factors of 37560841.
37560841
What are the prime factors of 166161716?
2, 7, 5934347
What are the prime factors of 1536575459?
43, 401, 89113
What are the prime factors of 25327932?
2, 3, 7, 61, 4943
What are the prime factors of 54239576?
2, 149, 45503
List the prime factors of 3442800131.
3442800131
List the prime factors of 1552330057.
43, 619, 58321
List the prime factors of 557322482.
2, 67, 127, 32749
What are the prime factors of 57632407?
7, 8233201
What are the prime factors of 52602719?
13, 101, 40063
What are the prime factors of 3651130448?
2, 7, 32599379
What are the prime factors of 2473408?
2, 7, 5521
What are the prime factors of 43135279?
11, 157, 24977
List the prime factors of 545131721.
10639, 51239
List the prime factors of 137163451.
19, 7219129
What are the prime factors of 1071899968?
2, 199, 84163
What are the prime factors of 48749116?
2, 13, 29, 32327
What are the prime factors of 42585857?
23, 1851559
List the prime factors of 342385854.
2, 3, 2203, 25903
List the prime factors of 386665717.
1231, 314107
List the prime factors of 40072098.
2, 3, 11, 607153
List the prime factors of 119824938.
2, 3, 677, 9833
What are the prime factors of 402682304?
2, 6291911
What are the prime factors of 66808993?
103, 648631
What are the prime factors of 2016489681?
3, 131, 570113
What are the prime factors of 767997822?
2, 3, 19, 6736823
List the prime factors of 51278297.
7, 7325471
List the prime factors of 467628197.
17, 27507541
List the prime factors of 1767591.
3, 7, 28057
What are the prime factors of 436967735?
5, 823, 106189
What are the prime factors of 107908583?
53, 109, 18679
What are the prime factors of 36282933?
3, 191, 21107
What are the prime factors of 983663123?
983663123
What are the prime factors of 745351247?
17, 19, 2307589
What are the prime factors of 601049312?
2, 37, 149, 3407
What are the prime factors of 193056077?
1973, 97849
List the prime factors of 290576537.
4877, 59581
List the prime factors of 71886241.
7, 31, 257, 1289
List the prime factors of 273497775.
3, 5, 3646637
What are the prime factors of 898985571?
3, 11, 27241987
List the prime factors of 866007975.
3, 5, 7, 1649539
List the prime factors of 23007271.
7, 19, 172987
List the prime factors of 2752750835.
5, 53, 10387739
List the prime factors of 40863671.
2857, 14303
List the prime factors of 785437711.
29, 101, 229, 1171
What are the prime factors of 791062624?
2, 11, 2247337
What are the prime factors of 119766595?
5, 13, 19, 37, 2621
What are the prime factors of 71135353?
181, 393013
What are the prime factors of 3198366401?
3198366401
List the prime factors of 669378423.
3, 7, 41, 59, 13177
What are the prime fac